tor of q and 72?
8
Let r = -9 - -15. Calculate the highest common divisor of 42 and r.
6
Let l = 50 + -94. Let y = l + 84. Calculate the greatest common factor of y and 100.
20
Let n be (9/2)/((-10)/(-80)). Let y = n - 39. Let o = 41 - y. Calculate the greatest common divisor of 22 and o.
22
Suppose 46*l = -52*l + 3430. What is the greatest common divisor of 1120 and l?
35
Let j(k) = 7*k - 96. Let w be j(34). Calculate the highest common divisor of w and 1562.
142
Let o(m) = m. Let f be o(6). Let y = 18 - 15. Suppose -x + 0*x - u + 69 = 0, y*x = -u + 201. What is the highest common divisor of x and f?
6
Let t be ((-40)/(-15))/((-16)/24) + 53. Calculate the greatest common divisor of t and 133.
7
Let d(y) = y**2 + 21*y + 29. Let s be d(-21). What is the greatest common divisor of 783 and s?
29
Let h = -59 + 46. Let o be 4176/104 + 2/h. What is the greatest common divisor of o and 60?
20
Suppose -2*w - 27 + 39 = 0. Calculate the greatest common factor of w and 318.
6
Let o = 27 + -25. Let c be (-55)/30*o*-12. Let x be c/33*39/2. Calculate the highest common factor of 26 and x.
26
Let j(x) = x + 97. Let g be j(-20). Suppose 0 = 19*r - 12*r - g. What is the highest common factor of r and 121?
11
Let v(d) = 11*d - 42. Let n be v(8). Let m = 42 + 73. Calculate the greatest common factor of m and n.
23
Let u = 90 - 149. Let c = -45 - u. What is the greatest common divisor of 154 and c?
14
Let w(z) = -z**3 + 9*z**2 + 4*z - 16. Let d be w(4). Let i be 1/6 + (-17)/(-6). Suppose 0*x = -i*x + 30. Calculate the highest common factor of d and x.
10
Let q(k) = -10*k + 2. Let r be q(-3). Suppose 4256 = -53*g + 72*g. Calculate the highest common divisor of r and g.
32
Let h(g) = -2*g + 24. Let n be h(5). Suppose 2*j + 5 + 1 = 0. Let x(b) = -10*b + 5. Let c be x(j). Calculate the greatest common factor of c and n.
7
Suppose -22*q + 13*q = -801. Calculate the highest common factor of q and 89.
89
Let z(g) = g - 2. Let s be z(6). Let a = 560 - 550. Calculate the highest common factor of a and s.
2
Let z = 123 + -105. Calculate the highest common factor of 576 and z.
18
Suppose -5*t + 15 = -0*t. Let w be -4*t/(9/(-42)). What is the highest common factor of 8 and w?
8
Suppose 11*o + 25 = 69. Suppose -g + 2 = -2*n - 0, 0 = 2*g + 3*n - 11. What is the greatest common factor of o and g?
4
Let h(n) = 6*n**2 - 161*n + 138. Let m be h(26). Calculate the highest common factor of m and 184.
8
Let q be ((-93)/(-9) - 11)/(2/(-4620)). What is the greatest common factor of 7 and q?
7
Let f(k) = -3*k - 6. Suppose -42 = z + 6*z. Let q be f(z). What is the greatest common factor of q and 60?
12
Suppose -22 = 3*a + 2*x, 0 = -5*a + x + x - 42. Let r = a - -22. What is the greatest common divisor of 56 and r?
14
Let u be ((-348)/(-28))/((-8)/(-14))*-4. Let x = -12 - u. Calculate the highest common divisor of 15 and x.
15
Let j be 20/(-3*(-2 + (-12)/(-9))). Calculate the greatest common divisor of j and 10.
10
Let p = 102 - -59. Let y be ((-68)/(-12) - 6)*-69. Calculate the greatest common factor of p and y.
23
Suppose -3*b = -2*b - 4*d - 44, -5*d - 1 = b. Suppose -1445 = -5*h - 155. Let j = -162 + h. What is the highest common divisor of b and j?
24
Let x(z) = -z**3 + 10*z**2 - 7*z - 13. Let l be x(9). Let d be 162/(4 - 1)*l. Calculate the highest common divisor of 30 and d.
30
Let g(a) = 22*a - 16. Let c(h) = 15*h - 11. Let x(i) = -8*c(i) + 5*g(i). Let s be x(-10). What is the greatest common divisor of s and 12?
12
Suppose -m - 435 = 4*m. Let u = 213 - 360. Let h = m - u. Calculate the greatest common factor of 24 and h.
12
Let h(g) = -g**3 - 21*g**2 + g + 40. Let q be h(-21). Let y be (-680)/(-12) + (-1)/(-3). Calculate the greatest common divisor of q and y.
19
Suppose 5*u + 36 - 31 = 0. Suppose -3*l = 3, -3 + 9 = -5*o - l. Let q be (-5 - (o + -1))/u. Calculate the greatest common factor of 3 and q.
3
Let s = -271 + 281. What is the greatest common factor of s and 470?
10
Suppose m = -70 + 88. What is the greatest common divisor of 414 and m?
18
Let c = -28 + 48. Suppose a = -a + c. Suppose -2*y + a = -10. What is the greatest common factor of y and 70?
10
Let z = 42 - 33. Let l = 14 - 20. Let n be (-162)/z*2/l. Calculate the greatest common divisor of 15 and n.
3
Let u(s) = 2*s**3 + 15*s**2 - 5*s - 4. Let w be u(-5). What is the highest common divisor of w and 2?
2
Let d be 30/(-9)*(0 + -18). Let r be -5 - -2 - (-1 + -2). Let g = 15 - r. What is the highest common divisor of g and d?
15
Let g(a) = -a**2 + 48*a - 117. Let r be g(45). What is the greatest common divisor of r and 378?
18
Let i be (4/(-3))/(1/(-42)). Suppose -8*v = -6*v - 2*n - 122, 117 = 2*v - n. What is the greatest common factor of v and i?
56
Suppose 145 - 81 = 2*s. Suppose q + 45 = -2*h, 84 - 24 = -4*h + 4*q. Let b = s + h. What is the highest common factor of 24 and b?
12
Suppose 4*j + 9 + 3 = 0. Let z be j + (-5)/1 - -2. Let h be (-51)/z + (-6)/4. Calculate the greatest common factor of h and 7.
7
Let o(d) = 2*d + 17. Let z be o(5). Let w = 31 + 23. What is the greatest common divisor of w and z?
27
Let q(x) = x**2 - 7*x - 9. Suppose -3*n = -4*n + 7. Let b be q(n). Let r = b - -17. Calculate the greatest common factor of 40 and r.
8
Let g = 237 - 223. What is the greatest common factor of g and 8?
2
Let b(w) be the first derivative of -w**4/4 - 13*w**3/3 + 13*w**2/2 + 18*w - 2. Let l be b(-14). Calculate the greatest common factor of 8 and l.
8
Suppose 2*j + 4*q - 24 = -j, -q = -3*j + 9. Let r be (-5)/(105/324)*-7. Suppose -t = 0, -t = -h - 2*h + r. Calculate the highest common factor of h and j.
4
Let u(k) = -3*k**3 + 6*k**2 + k + 2. Let b be u(2). What is the highest common divisor of b and 412?
4
Let z(a) = a**3 + 10*a**2 - 28*a - 33. Let r be z(-12). Calculate the greatest common divisor of r and 27.
3
Let a be (7 - 2) + (-9 - -7). What is the highest common divisor of a and 339?
3
Let c = 1151 + -1141. What is the highest common divisor of 125 and c?
5
Let z(o) = -o**2 + 41*o - 120. Let w be z(37). Calculate the greatest common factor of w and 182.
14
Let c be -8*(3 + (-12)/8). Let i be 46/12 + (-2)/c. Suppose -3*q + 7*q - 85 = -b, 38 = 2*q - i*b. What is the greatest common divisor of 7 and q?
7
Let l be ((-9)/(-2) - 5)*(3 - 45). Let b be 844/10 - (-2)/(-5). Calculate the greatest common divisor of l and b.
21
Let g be (((-153)/6)/3)/(3/(-570)). Calculate the highest common divisor of 95 and g.
95
Let m be (-30)/4*(-30624)/10440. Suppose -2*u = 33 - 341. Calculate the greatest common factor of u and m.
22
Suppose -7*f + 24 = 5*f. Suppose 17 = -f*u + 51. What is the greatest common factor of 170 and u?
17
Let g be (-12)/(-54) - 241/(-9). Let z = g + 6. What is the highest common factor of z and 11?
11
Let v be (-10)/(-20)*(70 - (6 - 6)). Calculate the greatest common divisor of v and 875.
35
Let n = 2546 + -1366. What is the highest common factor of n and 59?
59
Let i be (-15)/3*8/(-10). Suppose -19*d = -199 - 29. Calculate the highest common divisor of d and i.
4
Let n be (9 - 68/8) + (-95)/(-2). Suppose 0*q - 3*q = -2*o - 38, -o = -3*q + 37. What is the greatest common divisor of q and n?
12
Let d = 88 + -88. Suppose d = 3*f - 6*f + 2*w + 118, w = -4*f + 150. Calculate the greatest common divisor of 114 and f.
38
Suppose 4*o = -5*r + 818, 3*o + 4*r - 3*r = 619. Let c(n) = -n**2 - 12*n + 3. Let f be c(-10). What is the highest common divisor of f and o?
23
Suppose 9 - 2 = d. Suppose r = 1 + d. Calculate the greatest common factor of r and 72.
8
Let s be (-15)/35 + (-12)/21 - -19. Suppose 3*p - r - 85 = 0, -r - 12 = -2*p + 46. What is the highest common divisor of s and p?
9
Let i(v) = 0 - 4 + 1 + v. Let y be i(3). Suppose y = 8*a - 3*a - 80. What is the highest common divisor of 80 and a?
16
Let v = 159 + -150. Calculate the highest common divisor of 45 and v.
9
Let p be (11 + 84/(-48))/(1/60). Calculate the greatest common divisor of p and 15.
15
Let z be (1 - -6 - 5)/(4/10). Calculate the greatest common divisor of 135 and z.
5
Let z(f) = 19*f + 5*f**2 - 7 + 7*f**2 - 24*f. Let g be z(3). What is the greatest common divisor of g and 43?
43
Suppose -3*a - 2*a = -25. Suppose 0 = -3*h + 4 - 1. Calculate the greatest common divisor of a and h.
1
Let c = 7 + -2. Suppose 0 = 5*d + 2*n - 22, 3*d - c*n -